ermine t(4).
36
Let w(y) = y. Calculate w(-1).
-1
Let t(i) = -i**3 + 6*i**2 + 2*i + 5. Determine t(5).
40
Let q(g) = -4*g - 1. What is q(4)?
-17
Let i(c) = c**3 + 50*c**2 - 48*c + 158. Give i(-51).
5
Let g(s) = 26*s + 41. Determine g(-2).
-11
Let r(h) = 28*h - 27. Determine r(3).
57
Let t(y) = -y**3 + y**2 + y. Determine t(3).
-15
Let y(v) = -3*v**2 - 7*v - 1. What is y(-3)?
-7
Let l(t) = -t**3 + 15*t**2 + t - 20. Give l(15).
-5
Let o(i) = -3*i + 8. Calculate o(-3).
17
Let o(v) = -v**3 - 11*v**2 - 30*v - 15. Give o(-7).
-1
Let t(q) = -2*q**2 + 10. Determine t(3).
-8
Let o(x) = x**3 - 14*x**2 - 12*x - 51. What is o(15)?
-6
Let c(u) = u**2 + 8*u + 14. Give c(-9).
23
Let h(l) = -l**3 + 9*l**2 - 10*l - 3. Determine h(7).
25
Let j(h) = -8*h**2 + 14*h + 2. What is j(4)?
-70
Let h(w) = -8*w. Calculate h(-1).
8
Let b(h) = 40*h**2 - h. Give b(-1).
41
Let r(q) = -q**3 - 19*q**2 - q - 20. What is r(-19)?
-1
Let d(s) = -s**2 + 12*s - 21. What is d(10)?
-1
Let c(q) = 3*q**2 - 6*q - 6. Determine c(5).
39
Let b(a) = -a**3 + 4*a**2 - 3*a - 3. What is b(2)?
-1
Let j(r) = 2*r + 2. Determine j(-4).
-6
Let q(c) = -c**2 - 15*c. Determine q(-15).
0
Let r(b) = -4*b - 26. What is r(-11)?
18
Let v(c) = -3*c - 27. Calculate v(-8).
-3
Let x(g) = -2*g - 12. What is x(-6)?
0
Let q(m) = 10*m - 13. What is q(-6)?
-73
Let l(w) = -66*w**3 - w**2 + 1. What is l(-1)?
66
Let y(a) = -a**2 + 26*a - 72. Determine y(23).
-3
Let y(c) = -c**2 + 72*c - 562. What is y(9)?
5
Let q(o) = o**2 - 5*o + 31. What is q(8)?
55
Let q(x) = -3*x + 6. Determine q(-5).
21
Let a(j) = j**3 + 8*j**2 - 8. Calculate a(-6).
64
Let p(j) = j**2 + j - 4. Determine p(-7).
38
Let g(m) = -11*m + 29. Calculate g(7).
-48
Let b(t) = t**3 - 8*t**2 + 7*t + 4. Give b(7).
4
Let d(r) = r + 27. Calculate d(-5).
22
Let h(d) = 39*d**3 - d**2 + d - 1. Calculate h(1).
38
Let k(a) = -2*a**3 + 52*a**2 - 3. Determine k(26).
-3
Let q(z) = -z**3 - 4*z**2 - 4*z + 2. Determine q(-2).
2
Let x(p) = -p**3 + 13*p**2 + 9*p - 129. Give x(13).
-12
Let z(d) = -12*d - 119. What is z(-10)?
1
Let h(u) = u**2 - 5*u - 5. Calculate h(5).
-5
Let g(j) = -j**2 + 4*j - 1. Calculate g(0).
-1
Let w(q) = -5*q + 46. Determine w(9).
1
Let w(m) = -7*m + 16. Determine w(-5).
51
Let f(q) = -15*q - 1. Determine f(-1).
14
Let f(a) = a**3 + 12*a**2 + 15*a + 133. What is f(-12)?
-47
Let k(i) = -3*i - 16. Calculate k(-8).
8
Let d(p) = p**2 + 12*p + 28. Determine d(-8).
-4
Let p(q) = q**2 + 13*q + 6. What is p(-17)?
74
Let f(u) = -u + 1. Calculate f(-6).
7
Let g(v) = -19*v - 38. What is g(3)?
-95
Let q(g) = 11*g**3 + g**2 + 3*g + 2. Calculate q(-1).
-11
Let h(c) = -c**3 - 9*c**2 + 25*c + 25. What is h(-11)?
-8
Let p(h) = 10*h + 22. Give p(-6).
-38
Let j(u) = -u**2 - 5*u + 16. Give j(-7).
2
Let a(q) = -129*q**3 - 3*q**2 - 5*q - 2. Calculate a(-1).
129
Let o(h) = h**3 + 10*h**2 + 7*h - 15. Give o(-9).
3
Let l(f) = -f**3 + 58*f**2 + 184*f - 65. Calculate l(61).
-4
Let d(h) = 2*h**3 - 14*h**2 + 13*h - 16. Give d(6).
-10
Let g(z) = z**3 + 9*z**2 - 8*z + 8. Determine g(-9).
80
Let u(r) = r**2 - 4*r + 4. What is u(3)?
1
Let g(x) = -x**3 - x**2 + 3*x - 2. What is g(1)?
-1
Let s(h) = -h + 41. Calculate s(25).
16
Let a(g) = -2*g**2 - 6*g - 4. Give a(-6).
-40
Let n(q) = q**3 - 24*q**2 - 55*q + 96. Give n(26).
18
Let m(f) = 3*f + 7. What is m(-4)?
-5
Let v(h) = -h**2 - 57*h - 244. Determine v(-52).
16
Let l(d) = -2*d**2 - 8*d + 6. Determine l(-7).
-36
Let i(m) = m**2 - 3*m - 88. Give i(-8).
0
Let p(r) = r**3 + 8*r**2 + 3*r + 8. What is p(-8)?
-16
Let i(v) = 16*v - 132. Calculate i(9).
12
Let v(j) = -3*j**2 - 64*j + 137. What is v(2)?
-3
Let k(q) = -2*q - 38. Give k(-18).
-2
Let h(n) = 2*n**3 + 3*n**2 + 3*n + 1. Give h(-2).
-9
Let u(w) = -w + 8. Give u(-6).
14
Let m(p) = -p - 13. Calculate m(-17).
4
Let x(p) = -8*p - 16. Calculate x(-3).
8
Let p(x) = 7*x - 9. What is p(-2)?
-23
Let o(d) = -2*d**2 + d. Give o(-1).
-3
Let g(u) = -33*u**2 + 9*u + 1. Calculate g(1).
-23
Let v(w) = -w + 5. Calculate v(-9).
14
Let g(j) = j**3 + 9*j**2 - 4*j - 13. Calculate g(-7).
113
Let j(o) = o**3 - 7*o**2 + 3*o - 6. Give j(7).
15
Let n(y) = -2*y**3 - 13*y**2 + 27*y + 17. Calculate n(-8).
-7
Let c(r) = 2*r**2 - 23*r + 30. Determine c(10).
0
Let z(u) = -3*u - 8. Determine z(10).
-38
Let l(f) = -f + 25. Calculate l(9).
16
Let o(s) = -s**2 - 4*s - 4. Calculate o(-1).
-1
Let v(p) = -p**3 - 6*p**2 + 6*p - 9. Give v(-7).
-2
Let s(k) = -3*k**2 - k. Calculate s(-1).
-2
Let o(d) = d**2 + 49*d + 70. What is o(-47)?
-24
Let a(b) = -4*b**2 + 8*b - 4. What is a(3)?
-16
Let t(m) = 3*m + 135. Calculate t(0).
135
Let z(c) = -16*c**2 + 2*c. Determine z(1).
-14
Let j(y) = -3*y + 10. Calculate j(-8).
34
Let m(a) = 2*a + 6. What is m(-7)?
-8
Let j(y) = -y**3 - 4*y**2 + y + 6. Calculate j(0).
6
Let q(j) = -j - 15. Determine q(12).
-27
Let l(k) = 4*k**3 + 27*k**2 - 10*k + 1. Calculate l(-7).
22
Let x(u) = -2*u + 35. Give x(12).
11
Let a(l) = l**3 + 22*l**2 - 25*l - 45. Give a(-23).
1
Let a(v) = v**2 + v - 2. What is a(-3)?
4
Let k(y) = 6*y + 5. Determine k(5).
35
Let x(p) = -p - 10. What is x(-5)?
-5
Let y(u) = u**2 + 14*u - 575. Calculate y(-32).
1
Let r(s) = 38*s - 16. What is r(0)?
-16
Let x(v) = 2*v**3 + 6*v**2 + 5*v + 4. Determine x(-4).
-48
Let i(j) = -j**2 + 22*j + 19. Determine i(21).
40
Let s(x) = x**3 - 10*x - 2. Calculate s(-4).
-26
Let y(w) = -w**2 - 30*w - 7. What is y(-30)?
-7
Let w(v) = -12*v - 56. Calculate w(-4).
-8
Let j(t) = 2*t + 19. What is j(15)?
49
Let d(p) = 2*p**2 - 5*p - 2. What is d(-1)?
5
Let w(g) = g**2 + 6*g - 9. Calculate w(-9).
18
Let u(o) = -o**2 - 3*o + 4. Give u(-4).
0
Let n(m) = -2*m**2 + 22*m - 44. Calculate n(8).
4
Let k(b) = 70*b**2 - 3*b + 4. Give k(1).
71
Let x(q) = -q**3 - 3*q**2 + 9*q + 11. What is x(-5)?
16
Let k(g) = 22*g**2 - g. Give k(1).
21
Let z(o) = -o**3 + 11*o**2 + 9*o + 29. Give z(12).
-7
Let o(n) = -n**2 - 19*n + 1. Determine o(-19).
1
Let v(u) = 46*u**2 + 274*u - 7. Calculate v(-6).
5
Let l(x) = -x**3 + 15*x**2 + 15*x + 8. Calculate l(16).
-8
Let b(h) = -3*h**2 - 23*h + 7. Determine b(-8).
-1
Let h(f) = -f**2 + 5*f + 71. Give h(11).
5
Let z(c) = -7*c**2 + 1. Calculate z(1).
-6
Let q(n) = -3*n - 7. Give q(13).
-46
Let f(z) = z**3 - 4*z**2 + 15*z + 1. Calculate f(6).
163
Let i(l) = l - 9. Give i(-2).
-11
Let g(m) = 3*m**2 + 3*m - 1. What is g(-3)?
17
Let a(h) = 2*h**3 - 42*h**2 + 2*h - 52. Give a(21).
-10
Let z(t) = 8*t + 80. Give z(-10).
0
Let g(l) = -2*l**2 + 20*l + 26. Give g(12).
-22
Let s(f) = 65*f**3 - f**2 + 2*f. Calculate s(1).
66
Let y(q) = q**3 - 8*q**2 + 11*q - 34. Give y(7).
-6
Let u(v) = -v**3 - 4*v**2 + 5. Determine u(-5).
30
Let z(y) = 9*y + 51. Give z(-6).
-3
Let y(h) = -h**2 - h + 10. Determine y(5).
-20
Let g(y) = -3*y**3 + 19*y**2 - 6*y - 5. Determine g(6).
-5
Let u(k) = k**3 - 32*k**2 + 33*k - 62. Determine u(31).
0
Let g(x) = 3*x - 28. Give g(9).
-1
Let t(c) = 19*c**3 - 2*c**2 + 3*c - 1. Give t(1).
19
Let w(k) = k**2 + 11*k + 33. Determine w(-9).
15
Let t(b) = -12*b - 27. Determine t(5).
-87
Let x(t) = 12*t**2 + 8*t + 7. Calculate x(-1).
11
Let t(r) = r**3 + 7*r**2 + 4*r - 7. Give t(-6).
5
Let v(f) = f**3 + 5*f**2 + 3*f + 12. Give v(-5).
-3
Let t(g) = -g**3 - 6*g**2 - 18*g - 14. Determine t(-3).
13
Let q(u) = 6*u**2 - 7*u - 11. Calculate q(-4).
113
Let n(x) = -4*x - 9. Determine n(-2).
-1
Let w(m) = 6*m**2 - 22*m - 6. Give w(6).
78
Let k(w) = -w**3 + 13*w**2 + 2*w + 19. Calculate k(13).
45
Let b(w) = w**3 - w**2 + 3*w - 2. Give b(3).
25
Let b(r) = 70*r + 350. What is b(-5)?
0
Let x(h) = 4*h - 56. Give x(16).
8
Let b(h) = -h**2 - h - 4. Give b(3).
-16
Let g(c) = c**3 + 6*c**2 - 5*c - 5. Calculate g(-6).
25
Let n(t) = -t**3 + 9*t**2 - 8*t - 1. What is n(8)?
-1
Let f(t) = -t**3 - 12*t**2 + 4. What is f(-12)?
4
Let o(m) = -19*m - 1. Calculate o(7).
-134
Let z(d) = d**3 + 11*d**2 + 18*d - 32. Determine z(-10).
-112
Let l(y) = y**2 - 4*y - 6. What is l(5)?
-1
Let n(b) = -3*b - 9. Determine n(-5).
6
Let h(j) = -10*j**3 + 7*j**2 - 3*j. Calculate h(1).
-6
Let l(x) = 4*x + 53. What is l(-17)?
-15
Let x(u) = -u**3 - 6*u**2 - 5*u - 23. What is x(-5)?
-23
Let b(f) = -f**3 + 5*f**2. Calculate b(4).
16
Let i(d) = -4*d**2 - 3*d - 1. Determine i(-1).
-2
Let m(y) = -2*y**3 + 3*y**2 + 3*y + 1. Determine m(3).
-17
Let b(n) = -4*n - 52. Give b(-12).
-4
Let i(d)